f 170810?
2, 5, 19, 29, 31
What are the prime factors of 7125?
3, 5, 19
List the prime factors of 55002.
2, 3, 89, 103
List the prime factors of 3681.
3, 409
What are the prime factors of 39302?
2, 43, 457
List the prime factors of 1920.
2, 3, 5
List the prime factors of 1950.
2, 3, 5, 13
What are the prime factors of 12856?
2, 1607
List the prime factors of 7039.
7039
List the prime factors of 8501.
8501
What are the prime factors of 7736?
2, 967
What are the prime factors of 1353?
3, 11, 41
What are the prime factors of 107018?
2, 73, 733
What are the prime factors of 1777?
1777
List the prime factors of 3550.
2, 5, 71
What are the prime factors of 10448?
2, 653
List the prime factors of 95917.
95917
What are the prime factors of 1378?
2, 13, 53
List the prime factors of 861.
3, 7, 41
What are the prime factors of 146?
2, 73
List the prime factors of 630.
2, 3, 5, 7
What are the prime factors of 61818?
2, 3, 10303
List the prime factors of 7623.
3, 7, 11
What are the prime factors of 2857?
2857
List the prime factors of 3480.
2, 3, 5, 29
What are the prime factors of 526?
2, 263
List the prime factors of 3845.
5, 769
What are the prime factors of 2206?
2, 1103
What are the prime factors of 3806?
2, 11, 173
List the prime factors of 76842.
2, 3, 1423
List the prime factors of 773.
773
List the prime factors of 835.
5, 167
List the prime factors of 532.
2, 7, 19
List the prime factors of 354.
2, 3, 59
What are the prime factors of 9777?
3, 3259
What are the prime factors of 26928?
2, 3, 11, 17
What are the prime factors of 6529?
6529
List the prime factors of 94.
2, 47
What are the prime factors of 2450?
2, 5, 7
What are the prime factors of 2022?
2, 3, 337
What are the prime factors of 21656?
2, 2707
List the prime factors of 10186.
2, 11, 463
What are the prime factors of 631?
631
What are the prime factors of 16623?
3, 1847
What are the prime factors of 4543?
7, 11, 59
List the prime factors of 73361.
73361
What are the prime factors of 36225?
3, 5, 7, 23
List the prime factors of 6439.
47, 137
List the prime factors of 12706.
2, 6353
What are the prime factors of 1006?
2, 503
List the prime factors of 10026.
2, 3, 557
What are the prime factors of 1299?
3, 433
List the prime factors of 15912.
2, 3, 13, 17
What are the prime factors of 21640?
2, 5, 541
List the prime factors of 17964.
2, 3, 499
List the prime factors of 6522.
2, 3, 1087
List the prime factors of 584.
2, 73
What are the prime factors of 10752?
2, 3, 7
List the prime factors of 2557.
2557
What are the prime factors of 59913?
3, 7, 317
What are the prime factors of 42792?
2, 3, 1783
What are the prime factors of 2592?
2, 3
What are the prime factors of 4241?
4241
What are the prime factors of 57659?
7, 8237
List the prime factors of 136602.
2, 3, 7589
List the prime factors of 1918.
2, 7, 137
List the prime factors of 18608.
2, 1163
What are the prime factors of 5892?
2, 3, 491
What are the prime factors of 15093?
3, 13, 43
What are the prime factors of 6325?
5, 11, 23
What are the prime factors of 10341?
3, 383
What are the prime factors of 81066?
2, 3, 59, 229
What are the prime factors of 1353?
3, 11, 41
List the prime factors of 12099.
3, 37, 109
List the prime factors of 3252.
2, 3, 271
List the prime factors of 4607.
17, 271
What are the prime factors of 662?
2, 331
List the prime factors of 20916.
2, 3, 7, 83
List the prime factors of 845.
5, 13
List the prime factors of 1463.
7, 11, 19
List the prime factors of 51709.
7, 83, 89
What are the prime factors of 432?
2, 3
List the prime factors of 7500.
2, 3, 5
List the prime factors of 161406.
2, 3, 7, 61
What are the prime factors of 357?
3, 7, 17
List the prime factors of 435.
3, 5, 29
List the prime factors of 5242.
2, 2621
What are the prime factors of 2171?
13, 167
What are the prime factors of 6728?
2, 29
What are the prime factors of 1240?
2, 5, 31
What are the prime factors of 3288?
2, 3, 137
What are the prime factors of 10703?
7, 11, 139
What are the prime factors of 67572?
2, 3, 1877
What are the prime factors of 5717?
5717
List the prime factors of 43.
43
List the prime factors of 745.
5, 149
List the prime factors of 104915.
5, 20983
List the prime factors of 898.
2, 449
What are the prime factors of 26533?
13, 157
List the prime factors of 3937.
31, 127
List the prime factors of 801.
3, 89
List the prime factors of 1964.
2, 491
What are the prime factors of 290?
2, 5, 29
List the prime factors of 100407.
3, 33469
List the prime factors of 163182.
2, 3, 27197
What are the prime factors of 119428?
2, 73, 409
What are the prime factors of 1426?
2, 23, 31
What are the prime factors of 711?
3, 79
What are the prime factors of 1584?
2, 3, 11
List the prime factors of 6570.
2, 3, 5, 73
List the prime factors of 848.
2, 53
What are the prime factors of 1270?
2, 5, 127
What are the prime factors of 3593?
3593
What are the prime factors of 10489?
17, 617
List the prime factors of 1188.
2, 3, 11
List the prime factors of 41231.
41231
List the prime factors of 25142.
2, 13, 967
List the prime factors of 3494.
2, 1747
What are the prime factors of 4240?
2, 5, 53
What are the prime factors of 81143?
53, 1531
What are the prime factors of 21528?
2, 3, 13, 23
What are the prime factors of 4370?
2, 5, 19, 23
List the prime factors of 780.
2, 3, 5, 13
What are the prime factors of 55016?
2, 13, 23
What are the prime factors of 3287?
19, 173
List the prime factors of 329.
7, 47
What are the prime factors of 19968?
2, 3, 13
List the prime factors of 51383.
51383
List the prime factors of 22409.
22409
List the prime factors of 1197.
3, 7, 19
List the prime factors of 33317.
33317
List the prime factors of 35712.
2, 3, 31
What are the prime factors of 73237?
73237
What are the prime factors of 16565?
5, 3313
List the prime factors of 153344.
2, 599
What are the prime factors of 2899?
13, 223
List the prime factors of 12687.
3, 4229
What are the prime factors of 8017?
8017
What are the prime factors of 23004?
2, 3, 71
What are the prime factors of 10375?
5, 83
List the prime factors of 1969.
11, 179
What are the prime factors of 44453?
44453
List the prime factors of 3644.
2, 911
What are the prime factors of 4438?
2, 7, 317
List the prime factors of 22.
2, 11
List the prime factors of 37242.
2, 3, 2069
List the prime factors of 1312.
2, 41
List the prime factors of 7262.
2, 3631
List the prime factors of 101145.
3, 5, 11, 613
List the prime factors of 89469.
3, 9941
List the prime factors of 1604.
2, 401
List the prime factors of 145444.
2, 13, 2797
List the prime factors of 6907.
6907
List the prime factors of 17586.
2, 3, 977
What are the prime factors of 4499?
11, 409
What are the prime factors of 15455?
5, 11, 281
List the prime factors of 3262.
2, 7, 233
List the prime factors of 11698.
2, 5849
What are the prime factors of 2684?
2, 11, 61
What are the prime factors of 772?
2, 193
List the prime factors of 52237.
52237
What are the prime factors of 5222?
2, 7, 373
What are the prime factors of 524?
2, 131
List the prime factors of 151134.
2, 3, 25189
List the prime factors of 143.
11, 13
What are the prime factors of 1166?
2, 11, 53
What are the prime factors of 1550?
2, 5, 31
List the prime factors of 18847.
47, 401
List the prime factors of 54639.
3, 13, 467
List the prime factors of 16742.
2, 11, 761
List the prime factors of 4680.
2, 3, 5, 13
What are the prime factors of 3133?
13, 241
What are the prime factors of 38802?
2, 3, 29, 223
List the prime factors of 2577.
3, 859
What are the prime factors of 1131?
3, 13, 29
What are the prime factors of 4413?
3, 1471
List the prime factors of 50375.
5, 13, 31
What are the prime factors of 10288?
2, 643
List the prime factors of 374.
2, 11, 17
List the prime factors of 637.
7, 13
List the prime factors of 78067.
11, 47, 151
List the prime factors of 10438.
2, 17, 307
List the prime factors of 28048.
2, 1753
What are the prime factors of 48160?
2, 5, 7, 43
What are the prime factors of 527?
17, 31
What are the prime factors of 187540?
2, 5, 9377
What are the prime factors of 30985?
5, 6197
What are the prime factors of 38397?
3, 12799
List the prime factors of 4171.
43, 97
List the prime factors of 21478.
2, 10739
List the prime factors of 8327.
11, 757
List the prime facto